?
7
Let l(i) = -101*i + 86. What is the units digit of l(-12)?
8
Let a = 34 - -178. What is the tens digit of a?
1
Let z(t) = 13*t**2 + 5*t + 6. Let b be z(-4). Suppose -2*w + 5*f + 396 = -31, -4*f = w - b. What is the units digit of w?
6
What is the hundreds digit of (8230/15)/((-6)/(-9))?
8
Let m = 67 - -373. What is the tens digit of m?
4
Suppose b - 4*r + 18 = 0, -4*b + 3*r - 6 - 1 = 0. Suppose 0 = -2*q + b - 0. What is the units digit of ((-12)/8)/(q/(-2))?
3
Let o(j) = j**3 + 3*j**2 + j + 3. Let n = -36 - -33. Let a be o(n). What is the tens digit of (-20)/(-40)*(46 + a)?
2
Suppose 0 = 2*r - 4*r + 2*s + 8, -r = 5*s - 10. Suppose -r*y + 0 + 5 = -5*h, -y + 2*h = -5. Let o = 0 - y. What is the units digit of o?
3
Let u be ((-30)/15)/((-2)/4). Suppose -6*p + s = -4*p - 54, 0 = 5*p + u*s - 135. What is the tens digit of 0 + p + 20/5?
3
Suppose 10944 = 21*i + 3*i. What is the units digit of i?
6
Let x(n) = n**2 - 13*n - 8. What is the units digit of x(29)?
6
Suppose -15 = 3*h, -6*h + 3*h = 2*y - 3493. What is the thousands digit of y?
1
Let y(c) = -c**2 + 8*c + 19. Let p be y(9). Suppose 0 = 7*i - 4 - p. What is the units digit of 0 + i + 14 + 0?
6
What is the units digit of (1 - 2)/((-94130)/7240 - -13)?
4
Let y(h) be the second derivative of -h**5/20 - h**4/6 - h**3/3 + 5*h**2/2 + 7*h. What is the tens digit of y(-3)?
2
What is the hundreds digit of (-15)/(-3) - (1756/(-4) - -3)?
4
Suppose -h - 1720 = -3*c - 189, -5*h = -5*c + 2565. What is the hundreds digit of c?
5
Let w = 12 - 10. Let v = 7 - w. Suppose v*j + 3*u = 115, 0 = j + u - 6*u + 5. What is the tens digit of j?
2
Let r = 53 - 51. Let q(b) = 0*b - 3*b + 7*b + 8*b. What is the tens digit of q(r)?
2
Let h(f) = 11*f + 72. Let u(i) = -i. Let n(r) = h(r) + 4*u(r). What is the units digit of n(22)?
6
Suppose -82*b = -77*b - 4660. What is the hundreds digit of b?
9
Suppose 2*a - 3*n = -3, -2*a = 3*a - 5*n + 5. Suppose a = c - 3*c + 182. What is the units digit of c?
1
Let i(s) = s**2 + s + 1. Let n(a) = 4*a**2 + 12*a - 11. Let p(w) = -3*i(w) + n(w). What is the units digit of p(-15)?
6
What is the tens digit of (24/21)/((8/(-973))/(-4))?
5
Suppose 0 = a - 4*a - 165. Suppose -4*t = 0, 5*t + 96 = s - 4*s. Let d = s - a. What is the tens digit of d?
2
Suppose -3*r + f = 41, 0*r - 4*r = -5*f + 62. Let g = 11 + r. Let u = g + 14. What is the tens digit of u?
1
Suppose 3 + 17 = 4*l. Let r = 15 - 13. Suppose -r*p = -41 - l. What is the units digit of p?
3
Suppose 36*t - 60*t + 108576 = 0. What is the thousands digit of t?
4
Suppose 4585 = 21*y - 8393. What is the units digit of y?
8
Suppose -2*c + 5*c = b + 23, 83 = -3*b - 5*c. Let p = 76 - b. What is the tens digit of p?
0
Let z be 2 - 1 - (-4 - 6). Let c(b) = -b**2 + 8*b - 7. Let p be c(z). What is the tens digit of (7 + -10)*p/3?
4
Let x be -1*(4 + -4) + -27. Let w = -24 - x. Suppose -2*v + w*v - 23 = 0. What is the tens digit of v?
2
Suppose 0 = -3*a - 0*k - 3*k, -3*k = -a + 16. Suppose -6 = -a*d + 2*d. Suppose d*c + 54 = 6*c. What is the units digit of c?
8
Suppose -19 = -5*g + 1. Suppose -8 + g = -q. Suppose -55 = -q*s + 65. What is the tens digit of s?
3
Suppose 75586 = 33*w + 23347. What is the hundreds digit of w?
5
Suppose 5*n = 3*p - 378, 13*p = 11*p + 3*n + 253. What is the tens digit of p?
3
Let z = 153 + 26. What is the tens digit of z?
7
Suppose -k - k - 14 = 0. Let v(t) = t**3 + 6*t**2 - 8*t - 4. Let s be v(k). Suppose 24 = 5*i + 3*d - 0, 5*d + 28 = s*i. What is the units digit of i?
6
Suppose -1383 = -2*q + t, -q - 2*t + 886 = 182. Suppose 3*w - q = -4*r - 2*w, 3*w = -4*r + 690. What is the tens digit of r?
7
Let u = 431 + -299. Suppose -2*h + 2*w = 5*w - 75, 3*h - 2*w - u = 0. What is the tens digit of h?
4
Let z(q) = 132*q - 471. What is the tens digit of z(23)?
6
What is the tens digit of (-1180 - 4/(-4))*8/(-24)?
9
Let r be (-57)/(-6) - (-1)/(-2). Let k be 4 - (1 - r/3). What is the units digit of k/(-10) - (-113)/5?
2
Let k be (-4)/(-12)*(2 + -2). Suppose 2*y - 219 = -3*f, k*y + 316 = 3*y + 2*f. Suppose 3*q - y = q. What is the units digit of q?
1
Suppose -83*q + 74*q = -23202. What is the tens digit of q?
7
Let u = 6838 + -4870. What is the hundreds digit of u?
9
Let q = -44 + 48. Let p(t) = -t**3 + 4*t**2 + 4*t - 2. What is the tens digit of p(q)?
1
Let u(v) = 5*v**2 + 2*v. Let s be 20/3*(-9)/(-12). Suppose 7 = -s*g - 3. What is the tens digit of u(g)?
1
Let i(t) be the third derivative of 3*t**5/20 - t**4/8 + t**2. Let m be i(2). Suppose c + 2*c = m. What is the units digit of c?
0
Suppose 8*f = 144 - 96. What is the units digit of f?
6
What is the hundreds digit of 1779/3 + (-4 - -1) + 1?
5
Let m = -295 + 1396. What is the hundreds digit of m?
1
What is the tens digit of (46/4)/(56/8624)?
7
Suppose -12*y = 6*y - 5562. What is the tens digit of y?
0
Let o be 4/(-20)*-5 - -2. Let y be 0 + 3 - o - -4. What is the tens digit of (y + 26/8)*4?
2
Suppose 4*g + 0*g - 16 = 2*h, -3*g + 7 = h. Suppose -13*q + 1520 = -g*q. What is the tens digit of q?
5
Suppose -l + 2*x + 2 = 0, 5*l - 2*x = 11 + 15. What is the units digit of (-5)/(60/(-176))*l?
8
Suppose -4*n + 2168 = -2*g, -2*n + g + 1072 = 6*g. What is the units digit of n?
1
Suppose 2035 = 4*l + g, -10*l + 11*l - 506 = -3*g. What is the tens digit of l?
0
Suppose 33*a + 2880 = 2*y + 34*a, 1454 = y - 3*a. What is the tens digit of y?
4
Let m = 245 + 195. What is the hundreds digit of m?
4
What is the hundreds digit of (2 - 16278/6)*(-14 + 13)?
7
What is the hundreds digit of 6/4 + 5 + 26532/24?
1
Let v(z) = -z**3 + z**2 - 3*z - 8. Let y = -43 + 38. What is the units digit of v(y)?
7
Suppose -3771 = -8*r + 1733. What is the tens digit of r?
8
Suppose 0 = -0*j - 5*j. Suppose 2*c - 56 - 6 = j. What is the tens digit of c?
3
Suppose 3*w = -0*w - 69. Let v = w - -103. Suppose 15*b - 13*b - v = 0. What is the units digit of b?
0
Let s be 5 - 1*1/1. Let u(k) = -6*k**2 + 12*k - 15. Let d(x) = -2*x**2 + 4*x - 5. Let i(o) = 11*d(o) - 4*u(o). What is the tens digit of i(s)?
2
Let k = 2409 + -1099. What is the tens digit of k?
1
Let g(c) = -c**2 - 4*c. Let q be g(-3). Suppose q*z - 74 = -3*x - x, -5*x = 3*z - 94. What is the units digit of x?
0
Let c be (-432)/(-10) + (-1)/5. Suppose 0 = -377*p + 378*p. Suppose o - c + 12 = p. What is the tens digit of o?
3
Let d(a) = -4*a**3 + 3 - 9*a**2 + a**2 + 9*a**2. Let n be d(-3). What is the units digit of (2/(-5))/((-2)/n)?
4
Suppose 0 = 6*c - 2*c - 736. Suppose 6*s - 338 = c. What is the units digit of s?
7
Let v = 23 - 0. Suppose u + 3*k - 21 = 0, 4*u - v = -5*k + 26. What is the units digit of ((-2)/u)/(8/(-48))?
2
Let b be (2/(-6))/(1/(-9)) - 9. Let d be -1 + (2 - 0) + 20. What is the units digit of (322/d)/((-2)/b)?
6
Let j(z) be the second derivative of -53*z**3/6 - 6*z**2 - 37*z. What is the hundreds digit of j(-4)?
2
Suppose p + x = 0, 0 = 3*p + 2*p + 2*x. Let h be (2/(-3))/((-2)/30). Suppose p*w - 23 = -4*w - 3*b, -2*w = 2*b - h. What is the units digit of w?
8
Let n be (9/3 + -3)/1. Suppose n = 5*c, -c = -2*w + c. Suppose w*r + 165 = 5*r. What is the tens digit of r?
3
Let h = 14 + 15. Let z = 134 - h. What is the units digit of z?
5
Suppose i = -2*i - 5*p + 3263, -4*i + 4347 = 3*p. What is the hundreds digit of i?
0
Let g be 3 - (4*3/4 - 2). What is the tens digit of (g*2)/(3/(-168)*-4)?
5
Suppose 2*w = -0 + 8. Suppose -124 = w*x - 380. What is the tens digit of x?
6
Suppose -6*d + 1466 = -4*d - z, 0 = -4*d - z + 2926. What is the units digit of d?
2
Suppose 0 = 3*a - 8*a + 3*y - 47, -y - 11 = a. Let s(r) = r**3 + 11*r**2 + 4*r - 9. What is the units digit of s(a)?
1
Let h(n) = -4*n**3 - 1. Let g be h(-1). Suppose -g*o = -t + 24, 3*t = -2*t + 5*o + 130. What is the units digit of t?
7
Let i be ((-4)/2 + 2)/(15/(-5)). Suppose 5*s - m - 461 = 0, -3*s + 5*m = -i*s - 259. What is the units digit of s?
3
Suppose -2*l + 12 = 2*l. Suppose -3*z = -l - 3. Suppose z*k - 1 = 3*k + 4*f, -f = -2*k + 25. What is the tens digit of k?
1
Suppose 3*l + 6677 = 4*y, -2*y + 7*l + 3341 = 6*l. What is the hundreds digit of y?
6
Let p(v) = 219*v**3 + 5*v**2 - v - 11. What is the units digit of p(2)?
9
Let p be 2/(2/7*(-70)/(-40)). What is the units digit of p/22 + 1008/22?
6
Let d be (264/36)/(1*(-2)/69). Let u = -136 - d. What is the tens digit of u?
1
Su